-1055. Suppose -3*a = -2*s - g - c, 4*s + a = 25. What is the greatest common divisor of 5 and s?
5
Suppose 61837 - 608911 = -158*n - 149*n. What is the greatest common factor of 18 and n?
18
Let x(v) = -11*v**3 + v**2 + 23*v + 91. Let l be x(-7). Calculate the greatest common factor of l and 56.
56
Let r = -3162 + 3721. Calculate the greatest common divisor of 39 and r.
13
Let p = 157 - 69. Let n = 18 - 14. Suppose -3*o = 2*b - 10, -o - 18 = -n*b + 16. What is the greatest common divisor of p and b?
8
Let u(q) = q**2 - 6*q - 52. Let w be u(-6). Suppose 16*o = w*o - 108. Calculate the highest common divisor of 297 and o.
27
Suppose 55 = 5*f + 2*b - 943, -5*f = -b - 1001. Let x = -35 + 110. What is the greatest common divisor of f and x?
25
Let i be -149 - -142 - 239/(1 + -2). Calculate the greatest common factor of 10788 and i.
116
Let y(z) = z**3 + 10*z**2 - 13*z - 5. Let x be y(-11). Let s be (-1*(-5 - x))/(2/2). Let v be 4/6 - 12/(-9). Calculate the highest common divisor of s and v.
2
Suppose -156*z = 10*z - 751316. Calculate the highest common divisor of 438 and z.
146
Suppose 5*t = 0, -120 = 183*u - 186*u - 3*t. Calculate the highest common divisor of u and 312.
8
Suppose 0*k - 2*k + 3*j = -16, -4*k - 12 = 5*j. Let r be -15*-4*(-452)/(-48). Let g = 570 - r. Calculate the greatest common factor of g and k.
1
Let f(b) = -2*b**3 + 16*b**2 - 2*b + 3763. Let m be f(0). What is the highest common divisor of 371 and m?
53
Suppose -3*y - 3*a = -23409, 4*y - 21264 = a + 9933. Calculate the greatest common divisor of y and 40.
40
Suppose z - 25*o - 45 = -20*o, 5*o = -z + 45. Calculate the highest common divisor of 170 and z.
5
Let l = 275 - 262. Suppose 27*w = 28*w - l. Calculate the greatest common factor of w and 91.
13
Let d(c) = -c**3 - 5*c**2 + 8*c + 5. Let b be d(-8). Let u = -17 - -32. Let t = 34 - u. What is the highest common divisor of t and b?
19
Suppose 2*w - 3*t - 16490 = 0, 9*w - 7*w - 16490 = -t. What is the greatest common factor of w and 85?
85
Suppose 0 = 466*t - 341*t - 1298375. Calculate the highest common factor of t and 51.
17
Let g(t) = t**3 + 102*t**2 + 752*t + 18. Let h be g(-94). Let r = 14 - 5. What is the greatest common divisor of h and r?
9
Let l be (12 + -104)*2/(-4). Suppose -234*b + 223*b = -3542. What is the greatest common factor of b and l?
46
Let o(z) = -13553*z**3 + 0*z**2 + 7*z - 16 + 13555*z**3 - 2*z**2. Let y be o(4). What is the greatest common factor of y and 4?
4
Suppose 2335 + 7705 = 29*x - 5968. Suppose -3*c + 157 = 19. What is the highest common factor of c and x?
46
Suppose -3*h + 4*s + 3637 + 802 = 0, 9*s = 2*h - 2934. Calculate the greatest common divisor of h and 385.
55
Suppose -22*j = 7*j + 9*j - 71136. What is the highest common factor of 80 and j?
16
Let w(h) = -5*h - 6. Let n be w(-6). Let i(k) = k**3 + 4*k**2 - 5*k - 16. Let z be i(3). What is the greatest common factor of z and n?
8
Let p be 129749/15 + (-33 - (-12896)/390). Calculate the greatest common divisor of p and 25.
25
Let j be -8 + 102/(-4)*62/(-93). Calculate the highest common factor of 15291 and j.
9
Let s(c) = 43*c**2 - 1. Let r = 0 + -1. Let l be s(r). Let q be -32 + 15 + -22 + 53. What is the greatest common factor of q and l?
14
Let m be (16/3)/((-2)/(-3)). Suppose -3*b = 5*a + 1, 2*b - 11 = -0*a - a. Let u be 30/18 - b/12. What is the highest common factor of u and m?
1
Let t = 1132 - 725. Let q(i) = i**2 - 4*i - 4. Let g be q(4). Let j be (-150)/g - 1/2. Calculate the highest common divisor of j and t.
37
Let p be (-3)/(-8) + ((-168610)/(-80) - -1 - -1). Calculate the highest common factor of p and 25.
5
Suppose 0 = -4*k + 1549 - 165. Let w = k + 17. Let o be -6 - (8 - 5) - ((-18)/12 - 567/14). Calculate the greatest common divisor of o and w.
33
Suppose -8*d - 277 = 963. Let b = d + 191. Calculate the highest common divisor of 270 and b.
18
Let w(p) = 7*p**2 - 6*p - 1. Let m be w(3). Let g = m - 34. Suppose g*f = 3*f + 392. Calculate the greatest common divisor of 140 and f.
28
Let i = -5 - -21. Suppose -5*c + c = -i. Suppose -5*a + a + 94 = z, -c*a - 3*z = -90. What is the highest common factor of a and 16?
8
Suppose 20*u - 12*u - 808 = 0. Suppose -13*b + 146 = -u. Suppose -4*g = 3*a - 34, -5*a - b = -3*g + 21. What is the greatest common divisor of 30 and g?
10
Let t be 126/84*(0 - 20/(-3)). Suppose -m - 3*a + 31 = 3*m, -t = -2*a. Suppose 3 = k - 25. What is the greatest common factor of k and m?
4
Suppose -n - 11*n + 108 = 0. Suppose -n*t - 106 + 898 = 0. Calculate the greatest common factor of 66 and t.
22
Suppose 5*y - 3*y - 817 = 3*h, h - 3*y + 270 = 0. Let r be -2*(7 - h/(-14)). Suppose p - 600 = -2*p. What is the greatest common factor of p and r?
25
Suppose 7902 = 9*d + 2592. Calculate the highest common factor of d and 472.
118
Let q(d) = -39*d. Let w be q(-2). Let k(z) = 7*z**2 + 957*z - 3823. Let o be k(4). Calculate the highest common factor of w and o.
39
Let z be (-1 + 8)/((-9)/(-7839)). What is the greatest common factor of 52 and z?
13
Let i be -6 + 64/8 + -203. Let p = i - -326. What is the greatest common divisor of p and 10?
5
Let y = 42 - 24. Let n(b) = -14141*b + 99341. Let s be n(7). Calculate the greatest common divisor of s and y.
6
Suppose 4*f + 2*r - 394 = 0, -395*f + 390*f + 4*r = -512. What is the greatest common factor of f and 2860?
20
Suppose 4*k = -6*k + 30. Suppose k + 15 = j. What is the greatest common divisor of 18 and j?
18
Let p be (-572)/(-130) - (-1188)/55. Let q(j) = -j**3 - j**2 + 2*j - 4. Let t be q(-3). What is the highest common divisor of t and p?
2
Let m(p) = 10*p + 28. Let q be m(10). Let x(n) = n**2 + 4*n. Let f be x(-5). Suppose -3*w = -f*w + 64. What is the highest common factor of q and w?
32
Suppose 5*o = -3*t + 84, 0 = -4*t + 14*o - 9*o + 112. Calculate the greatest common divisor of 14 and t.
14
Let z be 5/(2/(-4)*14/(-476)). Suppose 366*g - z = 361*g. Calculate the highest common factor of 8 and g.
4
Let q be (-116)/(-14) + (-6)/21. Let n = -111 + 118. Suppose 10*p - 113 - n = 0. Calculate the highest common factor of p and q.
4
Let r be (-3 - (-1878)/6) + -1. Let g be (-20)/(-390)*r + 2/13. What is the greatest common divisor of 2 and g?
2
Suppose -2*y - 2*y = -4*a - 120, 2*a - 4*y = -64. Let k = 2146 + -1258. Let r be -7*(3 - (k/a)/(-2)). What is the highest common factor of r and 36?
18
Let u(z) = 27*z**2 + 27*z - 42. Let o be u(-4). What is the highest common factor of 24 and o?
6
Suppose -99 = 16*i - 547. Suppose 0 = -25*f + i*f - 207. Calculate the greatest common divisor of f and 184.
23
Suppose r + 3*r = 1260. Suppose 45*p + 2*q - 23 = 44*p, -12 = 2*q. Calculate the greatest common factor of p and r.
35
Let m be 1/((-2)/(-12)) + 20 + 1606. Suppose 20*h = -31*h + m. Calculate the greatest common factor of 1184 and h.
32
Suppose -4*d = -2*w + 1970, -4*d - 23 + 3 = 0. Let q(p) = -36*p + 389. Let a be q(9). What is the highest common factor of w and a?
65
Let i = -2287 + 4807. Suppose 3*w - i = -w. What is the highest common factor of 9 and w?
9
Let m be (-8156)/(-6) + 172/(-12) + 896/64. What is the greatest common divisor of 225 and m?
9
Let u be 0 - (-359 + -1)*(-8)/(-20). Suppose -2*w + 246 + u = 0. Calculate the greatest common divisor of 39 and w.
39
Let s(z) = 26*z + 126. Let f be s(-18). Let b = f + 354. What is the greatest common divisor of b and 32?
4
Let l = -259 - -269. Let p(r) = -6*r + 3. Let t(g) = -g**2 + 5*g - 6. Let j be t(4). Let b be p(j). What is the highest common divisor of l and b?
5
Let j(h) be the second derivative of h**5/10 - 5*h**3/3 + 9*h**2/2 + 72*h. Let g be j(3). Calculate the highest common divisor of g and 165.
33
Let g = -1067 - -1076. Let y be (-549)/(-81) + 2/g + -5. Let q be 29/4 + (-2)/8. What is the highest common factor of q and y?
1
Let h(k) = -k**2 + k + 8. Let a(s) = 2*s**2 - 3*s - 9. Let o(t) = 4*a(t) + 5*h(t). Let q be o(-4). Calculate the greatest common divisor of 5 and q.
5
Let t be 9 - -69 - (-1 + 11 + -2). What is the greatest common divisor of t and 1715?
35
Let q(z) = 10*z**3 + 1. Let d be q(1). Let m = 18450 + -18351. Calculate the highest common factor of d and m.
11
Let f(y) = -y**3 - 4*y**2 - 11*y - 71. Let p be f(-7). Let u = 270 - p. Calculate the highest common factor of u and 13.
13
Let l(d) = 